ed by 9.
8
Calculate the remainder when 2630 is divided by 854.
68
What is the remainder when 9320 is divided by 1825?
195
What is the remainder when 90878 is divided by 15139?
44
What is the remainder when 3899 is divided by 223?
108
What is the remainder when 735 is divided by 33?
9
What is the remainder when 7042 is divided by 3519?
4
Calculate the remainder when 7216 is divided by 451.
0
Calculate the remainder when 49022 is divided by 383.
381
Calculate the remainder when 74350 is divided by 49.
17
Calculate the remainder when 1352 is divided by 252.
92
What is the remainder when 232220 is divided by 134?
132
Calculate the remainder when 361742 is divided by 13.
4
Calculate the remainder when 2160 is divided by 176.
48
Calculate the remainder when 3842 is divided by 2444.
1398
Calculate the remainder when 1615 is divided by 419.
358
Calculate the remainder when 248804 is divided by 171.
170
Calculate the remainder when 2106 is divided by 62.
60
What is the remainder when 306387 is divided by 123?
117
Calculate the remainder when 134 is divided by 51.
32
Calculate the remainder when 23541 is divided by 216.
213
Calculate the remainder when 19868 is divided by 6619.
11
Calculate the remainder when 91692 is divided by 331.
5
What is the remainder when 3482 is divided by 663?
167
Calculate the remainder when 158001 is divided by 693.
690
What is the remainder when 23997 is divided by 23996?
1
Calculate the remainder when 21157 is divided by 399.
10
What is the remainder when 19769 is divided by 979?
189
What is the remainder when 4769 is divided by 6?
5
Calculate the remainder when 301405 is divided by 100465.
10
Calculate the remainder when 21301 is divided by 1936.
5
Calculate the remainder when 46067 is divided by 669.
575
What is the remainder when 44861 is divided by 329?
117
Calculate the remainder when 37439 is divided by 5.
4
What is the remainder when 175084 is divided by 95?
94
What is the remainder when 70393 is divided by 741?
739
Calculate the remainder when 213846 is divided by 47.
43
What is the remainder when 14068 is divided by 676?
548
Calculate the remainder when 2687 is divided by 165.
47
Calculate the remainder when 433 is divided by 361.
72
What is the remainder when 11218 is divided by 220?
218
What is the remainder when 60785 is divided by 17?
10
Calculate the remainder when 4606 is divided by 99.
52
Calculate the remainder when 2017 is divided by 513.
478
Calculate the remainder when 2105 is divided by 2102.
3
What is the remainder when 2165 is divided by 140?
65
What is the remainder when 5429 is divided by 219?
173
What is the remainder when 346889 is divided by 88?
81
Calculate the remainder when 2491758 is divided by 10.
8
What is the remainder when 6009 is divided by 131?
114
What is the remainder when 1115 is divided by 125?
115
What is the remainder when 113062 is divided by 8?
6
What is the remainder when 4883491 is divided by 1463?
1460
Calculate the remainder when 37062 is divided by 101.
96
What is the remainder when 345 is divided by 268?
77
What is the remainder when 57462 is divided by 9577?
0
Calculate the remainder when 2109 is divided by 134.
99
Calculate the remainder when 43048 is divided by 880.
808
Calculate the remainder when 2712 is divided by 316.
184
What is the remainder when 4965 is divided by 128?
101
What is the remainder when 13269 is divided by 780?
9
Calculate the remainder when 78477 is divided by 26148.
33
Calculate the remainder when 249921 is divided by 2100.
21
Calculate the remainder when 29247 is divided by 325.
322
What is the remainder when 38228 is divided by 9318?
956
Calculate the remainder when 746734 is divided by 65.
14
Calculate the remainder when 1137 is divided by 735.
402
What is the remainder when 18526 is divided by 6075?
301
Calculate the remainder when 16507 is divided by 383.
38
What is the remainder when 11764 is divided by 2575?
1464
What is the remainder when 194587 is divided by 64857?
16
What is the remainder when 49395 is divided by 8232?
3
What is the remainder when 3994 is divided by 265?
19
Calculate the remainder when 3323 is divided by 168.
131
Calculate the remainder when 28567 is divided by 2855.
17
What is the remainder when 355886 is divided by 922?
916
What is the remainder when 17222 is divided by 33?
29
What is the remainder when 222273 is divided by 199?
189
Calculate the remainder when 602 is divided by 211.
180
What is the remainder when 2125 is divided by 129?
61
What is the remainder when 7879 is divided by 171?
13
What is the remainder when 53337 is divided by 14?
11
Calculate the remainder when 6131302 is divided by 372.
370
Calculate the remainder when 33751 is divided by 33751.
0
Calculate the remainder when 41498 is divided by 1225.
1073
Calculate the remainder when 32328 is divided by 10769.
21
What is the remainder when 23708 is divided by 11842?
24
Calculate the remainder when 103707 is divided by 57.
24
Calculate the remainder when 283238 is divided by 70807.
10
What is the remainder when 154648 is divided by 1798?
20
What is the remainder when 22544 is divided by 188?
172
Calculate the remainder when 34662 is divided by 56.
54
Calculate the remainder when 7499 is divided by 100.
99
What is the remainder when 11216 is divided by 18?
2
Calculate the remainder when 5186 is divided by 1053.
974
Calculate the remainder when 23095 is divided by 4513.
530
Calculate the remainder when 11245 is divided by 2781.
121
What is the remainder when 1941 is divided by 221?
173
What is the remainder when 34376 is divided by 137?
126
Calculate the remainder when 91061 is divided by 50.
11
What is the remainder when 11727 is divided by 2350?
2327
Calculate the remainder when 686271 is divided by 60.
51
What is the remainder when 4591 is divided by 984?
655
What is the remainder when 14626 is divided by 47?
9
Calculate the remainder when 91 is divided by 37.
17
Calculate the remainder when 2894 is divided by 2874.
20
What is the remainder when 158466 is divided by 280?
266
What is the remainder when 2966 is divided by 1?
0
Calculate the remainder when 37958 is divided by 65.
63
What is the remainder when 1368956 is divided by 1?
0
Calculate the remainder when 150747 is divided by 16749.
6
What is the remainder when 8497 is divided by 708?
1
Calculate the remainder when 8366 is divided by 8363.
3
Calculate the remainder when 3855 is divided by 424.
39
What is the remainder when 19218 is divided by 105?
3
Calculate the remainder when 624386 is divided by 61.
51
Calculate the remainder when 79343 is divided by 40.
23
Calculate the remainder when 4541209 is divided by 26.
23
What is the remainder when 26720 is divided by 53?
8
Calculate the remainder when 14607 is divided by 1212.
63
What is the remainder when 17972 is divided by 400?
372
What is the remainder when 1461 is divided by 55?
31
Calculate the remainder when 11793 is divided by 18.
3
What is the remainder when 226741 is divided by 356?
325
What is the remainder when 14389 is divided by 959?
4
Calculate the remainder when 82447 is divided by 434.
421
Calculate the remainder when 110584 is divided by 22115.
9
Calculate the remainder when 7053813 is divided by 694.
691
What is the remainder when 2255883 is divided by 23?
20
Calculate the remainder when 291395 is divided by 2331.
20
What is the remainder when 15451 is divided by 161?
156
What is the remainder when 1016 is divided by 30?
26
What is the remainder when 342100 is divided by 111?
109
Calculate the remainder when 2890 is divided by 362.
356
Calculate the remainder when 62335 is divided by 20774.
13
Calculate the remainder when 18117 is divided by 386.
361
Calculate the remainder when 1258075 is divided by 10.
5
What is the remainder when 47702 is divided by 179?
88
Calculate the remainder when 494 is divided by 299.
195
Calculate the remainder when 34205 is divided by 65.
15
Calculate the remainder when 9290 is divided by 546.
8
What is the remainder when 112 is divided by 62?
50
What is the remainder when 7149 is divided by 483?
387
Calculate the remainder when 19613 is divided by 142.
17
Calculate the remainder when 211999 is divided by 1696.
1695
What is the remainder when 122737 is divided by 251?
249
What is the remainder when 